1, -263 = -4*c - 5*i. What is the highest common factor of 9 and c?
9
Suppose y - 129 = 95. Suppose 0 = 4*s + 2*i + 104, s - 6*s - 4*i = 124. Let g = 0 - s. Calculate the greatest common divisor of y and g.
28
Suppose 3*z + 64 = 5*s - 77, -2*z - 84 = -3*s. Let x = 41 - s. Let y(d) = 10*d + 1. Let a be y(1). What is the greatest common divisor of x and a?
11
Let g = 434 + -411. Suppose -5*n = -2*b - 2*b + 169, 77 = 2*b - 5*n. Calculate the highest common factor of g and b.
23
Suppose 14*v - 126 = 13*v. Let n be (-11)/(-2) + 6/(-12). Suppose -n*z - 3*f = -87, -5*f + 32 = 2*z - f. Calculate the greatest common divisor of v and z.
18
Let f be (-3)/3*1 + 21. Suppose -5*n + 78 = p, 6*n = 4*n + 3*p + 21. What is the highest common factor of f and n?
5
Let j be 0 + 8/(16/226). Calculate the highest common factor of j and 1.
1
Let f(b) = -b**2 + 18*b - 23. Let x = 1 + 14. Let n be f(x). Calculate the highest common factor of n and 242.
22
Let w(x) = -x**3 - 10*x**2 - 53*x + 22. Let j be w(-6). What is the greatest common factor of j and 140?
28
Let x be ((-363)/(-3))/(5/5). Let h be 22/x + (-31)/(-11). Calculate the highest common divisor of 33 and h.
3
Let t be (3/(-2))/(9/672). Let s = t + 163. What is the greatest common factor of s and 17?
17
Suppose 13 - 3 = 5*r. Let y be r/4*-1*-16. Let s = 10 + y. What is the highest common factor of 90 and s?
18
Let a(d) = -9*d**3 + d. Let f be a(-1). Let h be (-20)/8*f/(-10). Suppose 23 = h*c - 27. Calculate the greatest common divisor of c and 100.
25
Suppose 170 = l + 158. What is the highest common divisor of l and 147?
3
Let s = 22 + -22. Let x = -3 + 6. Suppose -3*o + o + 2*m + 10 = s, 3*o + x*m - 45 = 0. Calculate the highest common factor of 80 and o.
10
Suppose 4*u - 66 = 3*t - 16, 3*u + 3*t - 27 = 0. Suppose 2*g = u*g - 108. Let v(h) = h**2 + 4*h. Let i be v(6). What is the greatest common factor of g and i?
12
Let i be (-2)/15 + (-1312)/60. Let v be i/(-11) - (0 + -102). What is the highest common divisor of 13 and v?
13
Let f(b) = 7*b**3 + 2*b**2 - 2*b. Let v be f(1). Suppose 2*q - 20 = -4*j + 112, 0 = 4*j - 5*q - 160. What is the greatest common factor of v and j?
7
Let j = 845 - 782. What is the greatest common divisor of 36 and j?
9
Suppose -15*h - 18*h + 9504 = 0. Calculate the highest common factor of 108 and h.
36
Suppose 7*c = 12*c. Suppose g = 5*l + 29, -5*g - 5*l + c*l + 235 = 0. What is the highest common divisor of 11 and g?
11
Suppose -5*y - 3*y + 208 = 0. Calculate the greatest common factor of y and 325.
13
Let o = 3160 - 2725. Calculate the greatest common divisor of 15 and o.
15
Let y = -30 - -56. Suppose -19*b + 546 = -16*b. What is the highest common divisor of y and b?
26
Suppose 2*k - 3 = -s - 11, k - 3 = -4*s. Let f be 3/((-6)/(-32)) - s. Let v be f/21 - 644/(-6). What is the highest common divisor of v and 12?
12
Let a be 9/(-6)*(8*-6)/3. Calculate the greatest common divisor of 18 and a.
6
Suppose 10 = -2*w, 0 = -y + 6*w - 5*w + 13. Calculate the greatest common factor of 24 and y.
8
Let i = -7 - -47. Let c = -20 - -23. Suppose -c*t + 53 = 5. Calculate the highest common factor of i and t.
8
Suppose -2*m - 18 = -0. Let h = m + 24. Let d(p) = -p - 1. Let f be d(-6). What is the highest common factor of f and h?
5
Suppose 0 = 4*p - 3480 - 4688. Suppose p = -s + 2*a, -4*s + 2*a + 3*a = 8174. Let g be s/(-24) + 2/(-8). What is the greatest common factor of 34 and g?
17
Let p(b) be the second derivative of -b**5/20 - 3*b**4/2 - 10*b**3/3 - 39*b**2/2 + 2*b. Let u be p(-17). Calculate the greatest common divisor of u and 3.
3
Suppose -6*s + 267 = -111. What is the greatest common factor of 84 and s?
21
Let c be 0 + 9/3 + -3. Suppose 0 = -4*l + a + 471, -5*l + c*l + 605 = 2*a. What is the highest common factor of l and 17?
17
Let h be ((-10508)/(-4))/((-7)/(1 - 8)). Calculate the highest common factor of h and 71.
71
Let r = 23 - 54. Let t = r + 44. What is the highest common divisor of t and 52?
13
Suppose 0 = -4*m + 5*q - 17, 0*m + 3*q - 25 = -5*m. Suppose -4 - 21 = -x - m*i, -5*x - i = -143. Calculate the greatest common factor of x and 203.
29
Let u(b) = 4*b**2 - 2*b + 2. Let g be u(-3). Suppose 5*k = 8*f - 3*f + 40, -f + g = 3*k. Calculate the highest common factor of k and 143.
13
Let z = -233 + 237. Suppose r + 3*n - n - 12 = 0, n - 12 = -r. Let p be z + -3 + -3 + r. What is the highest common divisor of 80 and p?
10
Let f = 45 + 12. Suppose 0 = -9*u - 14*u + 874. What is the highest common factor of f and u?
19
Let l = 8 + -16. Let j(n) = n - 3. Let d be j(13). Let v = d + l. Calculate the greatest common factor of 16 and v.
2
Let r = -194 + 204. Calculate the highest common factor of 90 and r.
10
Suppose z = 4, -8*t + 4*z = -7*t - 99. What is the highest common factor of t and 1495?
115
Let l(f) = -f**3 - 8*f**2 - 6*f - 2. Let r be l(-7). Let g(i) = -i**3 - 9*i**2 + 9. Let o be g(r). Calculate the greatest common factor of o and 1.
1
Suppose -4*u - 28 = 4. Let c be (u/10)/((-2)/5). Suppose -5*x + 5*n + 6 = 1, 0 = -x - 3*n + 17. Calculate the greatest common factor of c and x.
1
Suppose 84 = 2*c - 3*t, 4*c + 2*t - 172 = 6*t. Let s = 0 + 10. Let m be (-3)/(-5) + 84/s. Calculate the highest common divisor of c and m.
9
Suppose 697 = 3*z - 9*o + 5*o, -232 = -z + o. Let d(i) = i**2 - i + 21. Let h be d(0). Calculate the highest common divisor of h and z.
21
Let z = -3066 + 4699. Calculate the highest common factor of 46 and z.
23
Suppose 13*y - 142 = 105. Let a(p) = -2*p**3 + 6*p**2 + 4*p + 1. Let r be a(-4). Calculate the highest common factor of y and r.
19
Suppose 2*l + 2*l - 4*s = 512, -5*l - 5*s + 690 = 0. Calculate the highest common divisor of 21 and l.
7
Let p = 101 + 108. Calculate the greatest common factor of p and 304.
19
Let n(u) = -u**2 - 2*u. Suppose 0 = -4*v - 5 + 1. Let f be n(v). Suppose 0*c = 2*o - 3*c - f, 0 = -4*c + 20. What is the highest common factor of 32 and o?
8
Let g be -16*1*(3 + -7). Let k = 185 - g. Suppose 0 = 2*o + 41 - k. Calculate the highest common factor of 60 and o.
20
Let n(f) = -4*f + 99. Let u be n(16). What is the greatest common divisor of u and 1015?
35
Let b(u) = u**3 + 9*u**2 - 4*u. Let d be b(-6). Calculate the greatest common divisor of d and 8.
4
Suppose 0 = 4*w + 4*w - 73344. Let g be w/80 + 4/10. What is the greatest common divisor of g and 46?
23
Let q = -1038 + 1266. What is the highest common factor of 836 and q?
76
Let o = -482 + 563. Calculate the highest common factor of o and 27.
27
Suppose 4*d = 51 + 57. Let p = d + -25. Let y be p/3 + 544/12. What is the highest common divisor of 115 and y?
23
Suppose 0 = 2*p - 10, 5*c + p = 5540. What is the highest common divisor of 27 and c?
27
Suppose 7*x - 3*x - 455 = -5*l, -4*x - 67 = -l. Calculate the highest common divisor of 58 and l.
29
Suppose 8 = 3*m - 25. Let p = 7 + 15. Suppose 220 = 2*j - p. Calculate the highest common divisor of m and j.
11
Let d = -17 - -17. Let n(o) = o**3 - 5*o**2 + 7*o - 9. Let a be n(4). Let b be (-20)/(-1 - d) - a. What is the highest common factor of b and 34?
17
Suppose 15 = 5*r, 3*c + 2*r = 2 + 7. Let v(o) = o**3 - 17*o**2 - 16*o - 27. Let q be v(18). What is the greatest common divisor of c and q?
1
Suppose -2*o = -3*o. Suppose -2*k + 4 + 6 = o. Let a = k + 2. What is the highest common factor of a and 21?
7
Let b = -578 - -773. Calculate the greatest common divisor of b and 455.
65
Let y = 86 + -44. Let q = 120 - 81. Let i = -33 + q. What is the greatest common divisor of i and y?
6
Let g = -76 + 97. Let f be 0 + -3 + g/1. What is the greatest common factor of 18 and f?
18
Let p(i) = -i**3 - 8*i**2 + 2*i + 4. Let x be p(-7). Let r = 133 + 7. Let g = r + x. Calculate the greatest common factor of 9 and g.
9
Let a(w) = w**2 + 5*w + 4. Let n be a(-5). Let p be (-116 + 122)/((-6)/(-4)). What is the highest common factor of n and p?
4
Let a be (592/(-3))/((-16)/24). What is the highest common factor of 185 and a?
37
Suppose 22*k = 257 - 59. What is the greatest common factor of k and 333?
9
Let y be ((-8)/6)/(1/(-27)). Suppose 0 = -4*s + 58 + 10. Suppose s*r - 120 = 12*r. What is the highest common factor of y and r?
12
Let r = -44 + 97. Let k = r + -41. Let f be (-12)/(-3*8/k). What is the highest common factor of 3 and f?
3
Suppose g + 2*g - 